{"id":1415,"date":"2024-03-11T21:13:15","date_gmt":"2024-03-11T20:13:15","guid":{"rendered":"https:\/\/saotomeundprincipe.de\/?page_id=1415"},"modified":"2024-04-13T06:29:32","modified_gmt":"2024-04-13T05:29:32","slug":"quem-somos","status":"publish","type":"page","link":"https:\/\/viagemsaotomeeprincipe.com\/app\/quem-somos\/","title":{"rendered":"Quem somos"},"content":{"rendered":"<h2>Nossa Experi\u00eancia em S\u00e3o Tom\u00e9 e Pr\u00edncipe<\/h2>\n<h3>20 anos dedicados a descobrir este para\u00edso<\/h3>\n<style>\/*! elementor - v3.20.0 - 10-04-2024 *\/\n.elementor-column .elementor-spacer-inner{height:var(--spacer-size)}.e-con{--container-widget-width:100%}.e-con-inner>.elementor-widget-spacer,.e-con>.elementor-widget-spacer{width:var(--container-widget-width,var(--spacer-size));--align-self:var(--container-widget-align-self,initial);--flex-shrink:0}.e-con-inner>.elementor-widget-spacer>.elementor-widget-container,.e-con>.elementor-widget-spacer>.elementor-widget-container{height:100%;width:100%}.e-con-inner>.elementor-widget-spacer>.elementor-widget-container>.elementor-spacer,.e-con>.elementor-widget-spacer>.elementor-widget-container>.elementor-spacer{height:100%}.e-con-inner>.elementor-widget-spacer>.elementor-widget-container>.elementor-spacer>.elementor-spacer-inner,.e-con>.elementor-widget-spacer>.elementor-widget-container>.elementor-spacer>.elementor-spacer-inner{height:var(--container-widget-height,var(--spacer-size))}.e-con-inner>.elementor-widget-spacer.elementor-widget-empty,.e-con>.elementor-widget-spacer.elementor-widget-empty{position:relative;min-height:22px;min-width:22px}.e-con-inner>.elementor-widget-spacer.elementor-widget-empty .elementor-widget-empty-icon,.e-con>.elementor-widget-spacer.elementor-widget-empty .elementor-widget-empty-icon{position:absolute;top:0;bottom:0;left:0;right:0;margin:auto;padding:0;width:22px;height:22px}<\/style>\n<p>Oferecemos aos nossos viajantes uma aten\u00e7\u00e3o intuitiva aos pormenores e uma experi\u00eancia suprema que n\u00e3o encontrar\u00e3o em mais lado nenhum. Cada viagem e cada estadia s\u00e3o sustentadas por uma aventura elegante e privilegiada.<\/p>\n<link rel=\"stylesheet\" href=\"https:\/\/viagemsaotomeeprincipe.com\/app\/wp-content\/plugins\/elementor\/assets\/css\/widget-icon-box.min.css\">\n<h3>\n\t\t\t\t\t\tLuciano Baetz<br \/>\n\t\t\t\t<\/h3>\n<p>\n\t\t\t\t\t\tTravel Specialist\t\t\t\t\t<\/p>\n<p><strong>O \u00faltimo para\u00edso na terra<\/strong><\/p>\n<p>A sua viagem est\u00e1 apenas a um clique de dist\u00e2ncia.<\/p>\n<p>Para n\u00f3s, viajar \u00e9 mais do que comprar um servi\u00e7o, \u00e9 viver uma experi\u00eancia que antes era imposs\u00edvel. Acreditamos em partilhar e apresentar algo que vai mudar para sempre a vida de quem viaja connosco. Temos uma equipa dedicada. Estamos sempre \u00e0 dist\u00e2ncia de um telefonema. Trabalhamos por Whatsapp, email e, em alguns casos, pessoalmente. Esta nova realidade p\u00f3s-Covid mostra que podemos concentrar-nos totalmente em cuidar bem dos nossos viajantes, onde quer que estejam. J\u00e1 n\u00e3o precisa de sair de casa para reservar a sua viagem. Tem mais tempo para fazer as malas para a aventura. Todas as nossas viagens t\u00eam uma componente social, solid\u00e1ria e sustent\u00e1vel. Somos uma grande equipa a trabalhar para si, com membros em Portugal, S\u00e3o Tom\u00e9 e Pr\u00edncipe e um apoio dedicado.<\/p>\n<p><strong>Como se definem os nossos viajantes<\/strong><\/p>\n<p>A coragem de embarcar numa aventura sem conhecer o destino exato, o desejo de desfrutar de um lugar por descobrir e de partilhar esta experi\u00eancia maravilhosa que ser\u00e1 certamente recordada durante muito tempo. Os nossos viajantes caracterizam-se pela sua independ\u00eancia, o seu bom gosto, a sua sede de aventura e a sua boa disposi\u00e7\u00e3o. Gostaria de ser um dos nossos viajantes? Se quer conhecer-nos melhor e ainda tem tempo, venha connosco! Se est\u00e1 sozinho e n\u00e3o encontra ningu\u00e9m para o acompanhar? Deixe-nos apresentar-lhe o nosso projeto, cujo objetivo \u00e9 fazer as pessoas felizes atrav\u00e9s das viagens, para que se integrem, conhe\u00e7am outras pessoas e deixem de estar sozinhas. Ao longo dos anos, conseguimos juntar pessoas que t\u00eam o mesmo desejo que tu. Estas pessoas tamb\u00e9m tinham as mesmas d\u00favidas&#8230;. Ser\u00e1 que vou, ser\u00e1 que vai ser bom? Estas pessoas acreditaram em n\u00f3s e tornaram os seus sonhos realidade, estas pessoas colocaram as suas f\u00e9rias nas nossas m\u00e3os e n\u00f3s n\u00e3o as desiludimos. Estamos \u00e0 vossa espera. \ud83d\ude0a<\/p>\n","protected":false},"excerpt":{"rendered":"<p>Nossa Experi\u00eancia em S\u00e3o Tom\u00e9 e Pr\u00edncipe 20 anos dedicados a descobrir este para\u00edso Oferecemos aos nossos viajantes uma aten\u00e7\u00e3o [&hellip;]<\/p>\n","protected":false},"author":1,"featured_media":0,"parent":0,"menu_order":0,"comment_status":"closed","ping_status":"closed","template":"","meta":{"site-sidebar-layout":"no-sidebar","site-content-layout":"plain-container","ast-site-content-layout":"full-width-container","site-content-style":"default","site-sidebar-style":"default","ast-global-header-display":"","ast-banner-title-visibility":"","ast-main-header-display":"","ast-hfb-above-header-display":"","ast-hfb-below-header-display":"","ast-hfb-mobile-header-display":"","site-post-title":"disabled","ast-breadcrumbs-content":"","ast-featured-img":"disabled","footer-sml-layout":"","theme-transparent-header-meta":"enabled","adv-header-id-meta":"","stick-header-meta":"","header-above-stick-meta":"","header-main-stick-meta":"","header-below-stick-meta":"","astra-migrate-meta-layouts":"default","ast-page-background-enabled":"default","ast-page-background-meta":{"desktop":{"background-color":"var(--ast-global-color-4)","background-image":"","background-repeat":"repeat","background-position":"center center","background-size":"auto","background-attachment":"scroll","background-type":"","background-media":"","overlay-type":"","overlay-color":"","overlay-opacity":"","overlay-gradient":""},"tablet":{"background-color":"","background-image":"","background-repeat":"repeat","background-position":"center center","background-size":"auto","background-attachment":"scroll","background-type":"","background-media":"","overlay-type":"","overlay-color":"","overlay-opacity":"","overlay-gradient":""},"mobile":{"background-color":"","background-image":"","background-repeat":"repeat","background-position":"center center","background-size":"auto","background-attachment":"scroll","background-type":"","background-media":"","overlay-type":"","overlay-color":"","overlay-opacity":"","overlay-gradient":""}},"ast-content-background-meta":{"desktop":{"background-color":"var(--ast-global-color-5)","background-image":"","background-repeat":"repeat","background-position":"center center","background-size":"auto","background-attachment":"scroll","background-type":"","background-media":"","overlay-type":"","overlay-color":"","overlay-opacity":"","overlay-gradient":""},"tablet":{"background-color":"var(--ast-global-color-5)","background-image":"","background-repeat":"repeat","background-position":"center center","background-size":"auto","background-attachment":"scroll","background-type":"","background-media":"","overlay-type":"","overlay-color":"","overlay-opacity":"","overlay-gradient":""},"mobile":{"background-color":"var(--ast-global-color-5)","background-image":"","background-repeat":"repeat","background-position":"center center","background-size":"auto","background-attachment":"scroll","background-type":"","background-media":"","overlay-type":"","overlay-color":"","overlay-opacity":"","overlay-gradient":""}},"footnotes":""},"_links":{"self":[{"href":"https:\/\/viagemsaotomeeprincipe.com\/app\/wp-json\/wp\/v2\/pages\/1415"}],"collection":[{"href":"https:\/\/viagemsaotomeeprincipe.com\/app\/wp-json\/wp\/v2\/pages"}],"about":[{"href":"https:\/\/viagemsaotomeeprincipe.com\/app\/wp-json\/wp\/v2\/types\/page"}],"author":[{"embeddable":true,"href":"https:\/\/viagemsaotomeeprincipe.com\/app\/wp-json\/wp\/v2\/users\/1"}],"replies":[{"embeddable":true,"href":"https:\/\/viagemsaotomeeprincipe.com\/app\/wp-json\/wp\/v2\/comments?post=1415"}],"version-history":[{"count":0,"href":"https:\/\/viagemsaotomeeprincipe.com\/app\/wp-json\/wp\/v2\/pages\/1415\/revisions"}],"wp:attachment":[{"href":"https:\/\/viagemsaotomeeprincipe.com\/app\/wp-json\/wp\/v2\/media?parent=1415"}],"curies":[{"name":"wp","href":"https:\/\/api.w.org\/{rel}","templated":true}]}}